= -a - 2*o - o + 10, 3*o = 6. Suppose -l - 77 = -3*g, g + l + 8 - 39 = 0. Calculate the remainder when 23 is divided by 156/g - a/(-18).
5
Calculate the remainder when 114 is divided by 11 - (-1 + -3 - -2 - 0).
10
Suppose 9 = 4*m + 3*w, 0 = 4*m + 4*w - 2 - 6. Suppose 6*q = -m*q + 72. Calculate the remainder when 37 is divided by q.
5
Suppose 394 = -5*k + 1189. Calculate the remainder when k is divided by 40.
39
Let c = -51 - -114. Calculate the remainder when 136 is divided by c.
10
Let f(h) = 83*h - 835. Calculate the remainder when f(14) is divided by 56.
47
Let c = -37 + -20. Let m be -1 - -5 - 4 - c. Suppose y + m = 2*y. Calculate the remainder when y is divided by 12.
9
Let n(i) = -16*i**3 + i**2 + 5. What is the remainder when n(-2) is divided by 21?
11
Let y(c) = c**3 + 4*c**2 + c. Let t be y(-4). Let w be -1 - (t - 3/(-3)). What is the remainder when 17 is divided by (-1 - (-4 + -9))/w?
5
Let p = -60 - -125. Suppose 0 = -2*o - 2*v - 82, -107 + 2 = 3*o - 3*v. Let f = o + p. What is the remainder when f is divided by 14?
13
Let q(h) = h**3 - 10*h**2 - 9*h - 179. What is the remainder when 4 is divided by q(12)?
0
Calculate the remainder when (-108)/72*1/(3/(-56)) is divided by 26.
2
Suppose -3*l = -17*f + 15*f - 11, 5*l - 19 = 3*f. Calculate the remainder when 247 is divided by l.
2
Suppose -29*i = -158 - 335. What is the remainder when 211 is divided by i?
7
Let a be (11 + -1)*(-176)/55. Let m = 36 + a. Calculate the remainder when m is divided by 2.
0
Let s(a) = 3*a**3 - 16*a**2 - 5*a + 76. What is the remainder when s(6) is divided by 20?
18
What is the remainder when 161 is divided by 30 + -2 + 33 + -33?
21
What is the remainder when 1845 is divided by 198/4*72/378*7?
63
Let h be (30 - -2)*4/(-8). What is the remainder when 4/h - 61/(-4) is divided by 2?
1
Let u(t) be the first derivative of 2*t**2 - 5*t - 1. Let g = 295 - 291. Calculate the remainder when u(4) is divided by g.
3
Suppose -97 = 8*a - 345. Calculate the remainder when 123 is divided by a.
30
Let t(z) = 56*z**2 - 2*z + 1. Let b be t(1). Suppose 2*j + b = 35. Calculate the remainder when 4 is divided by 1/3 + j/(-6).
0
Suppose -4*f + 3*f - 8 = -5*w, -5*w + 12 = f. What is the remainder when 1/(-2) + 7/w is divided by (-40)/22 + 10/(-55) + 4?
1
Suppose -v - 5 = 0, -c + 45 = c + 3*v. Calculate the remainder when 5820/225 + 4/c is divided by 14.
12
Suppose 9*s + 15 = 4*s. Let v be s/((-5)/(-3) + -2). Suppose -2*k - d + 46 = -v, 2*d = 5*k - 133. What is the remainder when k is divided by 10?
7
Let l = -510 - -1371. What is the remainder when l is divided by 96?
93
Suppose -4*l + 5 = -11. Suppose -24 - 25 = -2*u + m, u = l*m + 14. Suppose -5*g = 4*y - 275, y - 74 = 2*g + 11. What is the remainder when y is divided by u?
23
What is the remainder when ((-108)/10)/((22/(-15))/11) is divided by 30?
21
Let h(i) = i**3 + i**2 - 3*i + 46. Let t be 1*1/(-2)*2*0. What is the remainder when h(t) is divided by 7?
4
Let z(i) = 3*i + 26. Let y be z(11). Let n = y + -42. Calculate the remainder when 65 is divided by n.
14
Let b(a) = 7*a + 10. Let c be b(5). Suppose -z - 17 = -3*z + 5*d, -4*z = d - c. What is the remainder when z is divided by 4?
3
What is the remainder when (8 + 30/(-4))*(1053 + -1) is divided by 48?
46
Let h(c) = c**3 - 11*c**2 + 12*c - 16. Let v be h(10). Suppose v = 4*t, 4*a - 5*t = -a + 115. Calculate the remainder when a is divided by 14.
10
Let y = 2292 + -2162. Calculate the remainder when 1559 is divided by y.
129
Let z(w) = 2*w**3 - 18*w**2 + 29*w - 3. What is the remainder when z(12) is divided by 11?
10
Let l(n) = -2*n**3 - 2*n**2 - 4. Let x(q) = -q**2 - 5*q - 3. Let b be x(-5). Calculate the remainder when l(b) is divided by (-4 + 2)*(2 + 90/(-12)).
10
Suppose -19*o - 92 = -23*o. What is the remainder when (8/(-10))/(723/(-120) - -6) is divided by o?
9
What is the remainder when 107 is divided by 3 - (-9 - (1 + -3))?
7
Let v(s) = -35*s - 4. Calculate the remainder when 116 is divided by v(-1).
23
Let q(g) = 2*g**2 + g - 5. Calculate the remainder when 1124 is divided by q(-4).
20
Suppose 83 = 4*g - 5*u, 2*u - 37 = -g - 0*u. What is the remainder when g is divided by 2?
1
Suppose -15*q = -9*q - 288. What is the remainder when 284 is divided by q?
44
Let a(s) = 3*s**2 - 7*s + 23. Calculate the remainder when a(5) is divided by 3.
0
Suppose -6*p = -5*p - 2*y - 63, 178 = 3*p + 5*y. What is the remainder when p is divided by 17?
10
Calculate the remainder when 216 is divided by (165/(4 + 1))/3.
7
Suppose 11*w - 211 = 130. What is the remainder when 79 is divided by w?
17
Suppose -74*x = -63*x - 99. Calculate the remainder when 39 is divided by x.
3
Let g(y) = y**3 + 8*y**2 - 13*y - 12. Let v be g(-9). Suppose 0*c + v = 2*c. What is the remainder when -7*1*1*-5 is divided by c?
11
Suppose -2006*d + 69 = -2005*d. What is the remainder when 480 is divided by d?
66
Suppose -4*w + 288 = 56. What is the remainder when w is divided by 5?
3
Calculate the remainder when 8 is divided by 34/5 - (-222)/185.
0
Let v(f) = f**3 + 6*f**2 - 14*f + 18. Let n be v(-8). Suppose -y = -x + y + 14, -n*x - y = -33. Calculate the remainder when 77 is divided by x.
13
Suppose -v = -q - 1, q - 2*v + 3 = -1. What is the remainder when (216/(-63))/(q/(-49)) is divided by 29?
26
Suppose 2*f - 4*x = 46, -2*x = -2*f + 6*f - 142. Let n = -43 + 55. What is the remainder when f is divided by n?
9
Let f = -615 - -618. Let j(z) = -4*z - 5. What is the remainder when j(-2) is divided by f?
0
Calculate the remainder when 59 is divided by 273 - 278 - (-20 - (-1 - -2)).
11
Let t = 63 + -58. Suppose 3*f = t*f - 36. Let c(g) = g**3 - 2*g**2 + 6*g - 5. What is the remainder when c(4) is divided by f?
15
Let l(x) = -x**3 + x**2 + 2*x - 3. Let g be l(2). What is the remainder when g + (7 - 9/(-3)) is divided by 4?
3
Let m(g) = -g**3 - 3*g**2 - 2*g. Let n be (-13)/5 - 4/10. Calculate the remainder when 9 is divided by m(n).
3
Let s(h) = h**3 + 16*h**2 + 12*h + 5. Let b be s(-10). Let y = -323 + b. Suppose -5*x = x - y. What is the remainder when 51 is divided by x?
24
Suppose -11 = g - 3*n, 3*n - 19 = -22*g + 21*g. What is the remainder when 33 is divided by g?
1
Suppose -4*f + 1706 = 582. Suppose -273 = -5*b - 4*q, -4*b = 297*q - 296*q - 225. What is the remainder when f is divided by b?
53
Let w(u) = -u**3 - 10*u**2 + 10*u + 21. Let y be w(-9). What is the remainder when 49 is divided by (-2750)/y + -1 + (-2)/6?
15
What is the remainder when ((-33)/9)/11*-1011 is divided by 19?
14
Let o = -2819 + 4048. What is the remainder when o is divided by 82?
81
Let k be (-448)/(-21)*6/4. Suppose 4*j = 4*s - 3 + 11, -k = -j - 5*s. What is the remainder when j is divided by (-2)/(-9)*3 + (-68)/(-51)?
1
Let x(t) = -t**3 + 17*t**2 - 16*t + 52. What is the remainder when 101 is divided by x(16)?
49
Let u(n) be the first derivative of -n**2 + 3*n + 7. Let f be u(6). What is the remainder when 32 is divided by ((-6)/f)/(8/84)?
4
Suppose 28 + 36 = 4*f. Let p(z) = 3*z**2 - 24*z + 2. Let r be p(9). Calculate the remainder when r - 3 - -1 - -4 is divided by f.
15
Let m be 1/1*(3 + 3). Suppose m*c - 3*c = 0. Let k(p) = -p + 14. Calculate the remainder when k(c) is divided by 8.
6
Calculate the remainder when (-3)/13 - 16330/(-65) is divided by 63.
62
Let y(h) = h**3 + 5*h**2 - 2*h - 3. Suppose 2*d - 106 = -2*l, 2*d - 30 = l + 82. What is the remainder when d is divided by y(-4)?
13
Suppose -5*v + 4*d + 51 = 0, v = 2*d - 0*d + 15. Let i = 0 - -10. Calculate the remainder when i is divided by v.
3
Let w(g) = g**3 - 3*g**2 + 8*g + 7. What is the remainder when 57 is divided by w(3)?
26
Let b = 0 - 3. Let p be (-2)/b + 215/15. What is the remainder when 63 is divided by 40*(66/p - 4)?
15
Let w be 0/(-1 + (-2)/2). Suppose w*v + 2*v - 2 = 0. Let g = 4 + v. What is the remainder when 17 is divided by g?
2
Let b be 18/3 + 1/(-1). Suppose 0 = 3*h - b*o - 61, 0 = -7*o + 2*o - 10. Calculate the remainder when 67 is divided by h.
16
Suppose 0 = -8*x + 9*x - 316. Let n = x + -187. What is the remainder when n is divided by 12?
9
Let i(t) = -10*t - 27. What is the remainder when 36 is divided by i(-4)?
10
Suppose 0 = 332*p - 340*p + 216. Suppose -v - 3 = -13. What is the remainder when p is divided by v?
7
Let u(t) = -2*t + 9. Calculate the